se x*a = 5*g - 2378 - 16163, 0 = 4*g - a - 14831. Is g a composite number?
True
Suppose 30797 = -7*m - 19225. Let h = m + 10697. Is h composite?
True
Let s be 2*(85/10 + -4). Let y = 4 - s. Is 10/4*(-1082)/y a composite number?
False
Let p(v) = v**3 + 60*v**2 + 107*v - 215. Is p(-49) prime?
False
Let y be (-1)/8 + (-98082)/(-144). Suppose 4*h + 391 = -105. Let d = y + h. Is d a prime number?
True
Suppose -36*q = -1300553 - 281251. Is q a prime number?
False
Suppose 3*d = -3*z + 14340, 2*d + 7139 = 2*z - 2405. Let h = z - -34177. Is h prime?
True
Suppose 0 = -3*j - c + 1653802, -231*j = -227*j + 5*c - 2205051. Is j composite?
False
Let g be 20/270 - (-186184)/108. Suppose 3*c - 5323 = w - g, 3*c + 4*w - 3589 = 0. Is c a prime number?
False
Let p(s) = -4*s - 6 + 7*s - 24*s**2 + 13*s**2 + 17 + 284*s**2. Is p(-7) prime?
True
Let i = 118938 - -25753. Is i a prime number?
False
Suppose 5*x - 195*f - 1247661 = -196*f, -3*f = x - 249549. Is x prime?
False
Suppose 9*z - 131 = -68. Let t(l) = 12*l**2 + 20*l - 24. Let a(m) = -8*m**2 - 13*m + 16. Let w(x) = 7*a(x) + 5*t(x). Is w(z) a composite number?
False
Let i = -36324 + 90878. Is i composite?
True
Is 191931/4*(-4 - 72)/(-19) a prime number?
False
Let o(w) = -6*w - 59. Let d be o(-9). Is (-3 - d - -3 - 4)*631 a composite number?
False
Suppose 28*z - 23*z + 10 = 0. Is (-4 - (-14252)/(-8))*z a composite number?
False
Suppose -16*x = 118322 - 740098. Is x prime?
True
Let m = 13697 + 6828. Suppose -53*k + m = -58*k. Let s = -2846 - k. Is s a prime number?
True
Suppose 0 = 3*k - 2*c - 586924 - 563181, 0 = -2*k - 2*c + 766740. Is k a composite number?
True
Let g(d) = d**2 - 16*d - 3. Let q be g(-8). Let i be 149/(-7) - (-9)/(q/6). Let v = i - -64. Is v prime?
True
Let m(o) be the second derivative of -o**4/12 - 2*o**3 + 9*o**2 + 2*o. Let c be m(-13). Suppose 281 = -3*a + 6*a + c*q, a + q = 91. Is a a composite number?
True
Let i = 69 + -6. Suppose -11*y + 3 = -i. Suppose 265 = 2*p - 5*r, -590 = -y*p + 2*p - 2*r. Is p a prime number?
False
Suppose 12 = 6*z - 132. Suppose z = 3*i - 0*i. Suppose -c + 153 = 2*u - u, -2*c - i = 0. Is u a prime number?
True
Suppose -71*z + 33666695 - 11960788 = 0. Is z composite?
False
Suppose f - 5*g + 12 = 0, g - 1 = 3*f + 35. Let i be 3 - (-12)/2*-2. Is (((-4239)/(-6))/i)/(2/f) prime?
False
Suppose 174125 = 5*t - 101390. Is t prime?
True
Let h = 4094 - -196. Let p = -2731 + h. Suppose -3*n = 5*y - 1172, -3*n = -7*n - 3*y + p. Is n a composite number?
False
Suppose -153*s + 5*c = -148*s - 8806185, 0 = -4*c - 16. Is s prime?
False
Let q(k) = 1033*k + 6. Let y = -189 - -194. Is q(y) composite?
False
Suppose -c - h + 721 = h, 0 = 4*c - 4*h - 2860. Let v = 1076 - c. Is v composite?
False
Let o be (30006/(-45))/(-2*1/(-5)). Let j = 44 - o. Is j a prime number?
False
Let x(s) = -2*s + 10. Let k be x(6). Let a(f) = -f**2 - 4*f - 1. Let j be a(k). Suppose 0 = -j*z + 8709 + 918. Is z a composite number?
False
Suppose 150*w - 30735090 = 7400026 - 3829066. Is w a composite number?
False
Let p(y) = -y**2 - 35*y - 63. Let z be p(-33). Suppose 2*k - 5*g = 10691, -3*k + g + z*g + 16019 = 0. Is k a composite number?
False
Suppose -4*s - 140735 = 4*p - 1256915, -14 = 7*s. Is p composite?
False
Is ((-17)/34)/((-4)/384568) a prime number?
False
Suppose 4*g = -44 + 68. Let l(r) = 230*r**3 + 14*r**2 + 8*r - 13. Is l(g) a composite number?
True
Suppose 0 = 4*m + 2 + 22. Let f be 1*(m + 2 + 4). Suppose f*y = 4*g + y - 20841, 2*g - 10438 = -4*y. Is g prime?
True
Let q(m) = 2*m + 30. Let s be q(-14). Suppose 0*l = -s*l + 12. Suppose -l = 3*c - 6*c, 4*c = -3*n + 4091. Is n prime?
True
Let u = 100 - 92. Suppose u*s - 51850 - 12094 = 0. Is s prime?
True
Let c(n) = 7441*n**2 + 22*n + 353. Is c(-8) composite?
False
Let h(s) = s**2 - 5*s - 10. Suppose 0 = 4*z + 2 - 22. Let u be h(z). Is (u/(-10))/(2/2506) composite?
True
Let q(r) = -140*r**3 + 4*r**2 - 10*r + 189. Is q(-10) prime?
True
Let w be (4 - 2)/((-3)/(-6522)). Suppose -3*c - c + w = 0. Is c a composite number?
False
Let b be 10/30 - (-5164)/6. Let o = 1600 - b. Is o prime?
True
Suppose 0 = 27*b + 16*b + 43. Is b/(7 - 427576/61082) a prime number?
False
Let f(i) be the third derivative of -1/24*i**6 + 0 + 5/6*i**3 + 0*i + 1/12*i**5 - 6*i**2 + 1/24*i**4. Is f(-4) composite?
False
Suppose 7*n + 69 = 3*n + 3*l, 15 = 5*l. Is (-3)/n - (-52115)/175 a prime number?
False
Suppose -13 = z - 0*i + 4*i, -3 = -5*z - 3*i. Let v be 2/z - (-10)/3. Suppose -v*u + 10577 = 3*u. Is u composite?
False
Let z(h) = h**3 + 11*h**2 - 13*h - 7. Let k be z(-12). Suppose 52 = k*m - 8. Let c(t) = 49*t - 31. Is c(m) a composite number?
False
Let m(v) = -7*v**2 + 239*v - 104. Let z be m(54). Suppose -5*w = -2*i - 2661, -2649 = -5*w + 2*i - 4*i. Let p = w - z. Is p a prime number?
False
Let d(z) be the first derivative of 3*z**5/4 - 7*z**4/24 - 10*z**3/3 - 1. Let g(s) be the third derivative of d(s). Is g(8) prime?
False
Suppose 2*j - c - 289529 = 88502, 36 = -4*c. Is j prime?
True
Let j = 99 + -5. Let n = j + -94. Suppose 4*u + 7*d = 4*d + 1265, -u - 3*d + 314 = n. Is u a prime number?
True
Suppose 4*s = -3*r + 111177, 1130*s + 74101 = 2*r + 1127*s. Is r a composite number?
True
Suppose 23 = u + 3*u + z, -4*z = 3*u - 1. Suppose -u*t + 18187 = 6*t. Is t prime?
True
Let x(a) = a**3 + 6*a**2 + a - 11. Let b(s) = s**3 + 11*s**2 + s - 22. Let u(r) = 3*b(r) - 7*x(r). Is u(-10) a prime number?
False
Let k be 11 + -6 - -4865 - -4. Let s = k + -2581. Is s composite?
False
Let v = 45878 + -26420. Let p = 45511 - v. Suppose -7*d + p = 6012. Is d composite?
True
Is ((-121)/(-44) + -3)*(-7 - 188941) a prime number?
True
Is 6/96 + 278782416/768 composite?
True
Let s = -130 - -129. Let a(u) = 94*u**3 + u**2 + u - 1. Let t be a(s). Is ((-37734)/t)/(4/10) composite?
True
Let b = 437 - 447. Is 25/b*(-40048)/40 a composite number?
False
Is 1569260/14 + 17 - 1 composite?
True
Let n(k) = -5*k + 80. Let l be n(13). Suppose -14*x - l*x + 29087 = 0. Is x a prime number?
False
Let k(g) = 91663*g - 59. Let b be k(2). Suppose 14*h - b = 20671. Is h composite?
True
Let a be 2 + -5 - (-4 - (-40)/8). Let f(n) = -318*n - 71. Is f(a) composite?
False
Suppose -4*y = -5*s + 863 + 4465, 0 = y - 3*s + 1339. Let q = -713 - y. Is q a prime number?
False
Suppose 8 = 4*i, -6*b - 2*i = -6*i - 261886. Is b prime?
True
Let x(t) = -t**3 + 12*t**2 + 9*t - 41. Let c(w) = w**3 + w**2 - 3*w + 10. Let i be c(0). Is x(i) a composite number?
True
Let c be 102/30 - (-2)/(-5). Suppose c*u + 4 = -2*m + 18, 4*m + 5*u = 26. Let w(h) = 74*h + 2. Is w(m) a prime number?
False
Let m(p) = -16*p + 19. Let s(w) = -w**3 + 4*w**2 - w + 10. Let b be s(7). Let q = 141 + b. Is m(q) prime?
True
Let b be 1*3*(-4 + (-24)/(-18)). Let s(v) = 34*v**2 - 9*v + 11. Let g be s(b). Suppose 5*y + g = 14*y. Is y composite?
False
Suppose 0 = 474*s - 253*s - 164*s - 84483291. Is s prime?
True
Let a(s) = 69972*s + 14375. Is a(6) prime?
False
Is 8/(-16) + (-4659512)/(-16) a composite number?
True
Let b be (2*(-6)/(-2))/2. Suppose -x = -3*n + 14679, -n - 25*x + 4893 = -28*x. Suppose -4*i - b*j = -n, 4905 + 1215 = 5*i + 3*j. Is i a prime number?
False
Let b = 86 + -87. Let d be 27/18*b*(-4)/2. Suppose -2*t + 3369 = -d*j + 8*j, t + 2017 = 3*j. Is j a composite number?
False
Let c be 18/(-180) - (-211)/10. Is 7 + (-119)/c + (-68396)/(-12) prime?
True
Let z(a) = 3*a**2 - 5*a - 6. Let u be z(-1). Suppose -l + 1452 = 5*q - 192, u*l - 2*q = 3300. Is l composite?
True
Let v(z) = 32190*z**2 - 24*z + 5. Is v(-2) a prime number?
True
Let o(d) = 13*d**2 - 23*d + 65. Let t be o(-19). Let g = -666 + t. Is g prime?
False
Suppose 3*i = 4*i - 2. Suppose -9*x = -10*x + i. Suppose -x*a - 1253 = -3*a. Is a a composite number?
True
Let k be (0 + -1)/((-9)/(-57726)). Is 7/(-14) + k/(-4) a prime number?
False
Let w(s) = -86*s**3 + 3*s**2 + 12*s + 31. Is w(-8) a prime number?
True
Let f(q) = 209*q - 63. Suppose 0 = -30*t + 34*t - 88. Is f(t) a composite number?
True
Suppose 17*z - 68271 = -3*k + 16*z, k + 4*z = 22735. Is k a composite number?
True
Suppose 6 = -4*x + 18. Suppose -5*y + 12538 = x*f, 762 = -y - 2*f + 3271. Suppose 2*d - 3*d = 2*m - y, 5*m - 5*d - 6260 = 0. Is m composite?
True
Suppose 10504 - 41073 = -7*c. Is c a prime number?
False
Suppose 3581113 = -226*c + 286*c - 300